{"id":5147,"date":"2025-04-25T16:36:16","date_gmt":"2025-04-25T19:36:16","guid":{"rendered":"https:\/\/diretodasacristia.com\/home\/?page_id=5147"},"modified":"2026-01-26T05:25:57","modified_gmt":"2026-01-26T08:25:57","slug":"programa-das-9-missas-pelo-papa-francisco","status":"publish","type":"page","link":"https:\/\/diretodasacristia.com\/home\/programa-das-9-missas-pelo-papa-francisco\/","title":{"rendered":"Programa das 9 missas pelo Papa Francisco"},"content":{"rendered":"\r\n<p>Segundo um antigo costume, durante nove dias consecutivos celebram-se celebra\u00e7\u00f5es<br \/>eucar\u00edsticas especiais em sufr\u00e1gio do Romano Pont\u00edfice falecido, come\u00e7ando pela Missa de<br \/>Ex\u00e9quias.<br \/>Essas celebra\u00e7\u00f5es s\u00e3o abertas a todos. No entanto, preveem, a cada dia, a participa\u00e7\u00e3o de<br \/>um grupo diferente, levando em considera\u00e7\u00e3o seus v\u00ednculos com o Romano Pont\u00edfice. Essa<br \/>variedade de assembleias demonstra, de certa forma, tanto o alcance do minist\u00e9rio do<br \/>Pastor Supremo quanto a universalidade da Igreja de Roma (cf. Ordo Exsequiarum Romani<br \/>Pontificis, nn. 124-125).<br \/>* * *<br \/>A Missa de Ex\u00e9quias do Romano Pont\u00edfice Francisco, o primeiro dia do Novendiali,<br \/>acontecer\u00e1 em 26 de abril de 2025, \u00e0s 10h, na Pra\u00e7a S\u00e3o Pedro.<\/p>\r\n\r\n\r\n\r\n<p><br \/>Nos pr\u00f3ximos dias, as celebra\u00e7\u00f5es dos Novendiais em sufr\u00e1gio do Papa falecido<br \/>prosseguir\u00e3o da seguinte forma:<\/p>\r\n\r\n\r\n\r\n<p><br \/>2\u00ba dia: domingo, 27 de abril, \u00e0s 10h30, na Pra\u00e7a S\u00e3o Pedro: os funcion\u00e1rios e fi\u00e9is da<br \/>Cidade do Vaticano. A concelebra\u00e7\u00e3o ser\u00e1 presidida pelo Cardeal Pietro Parolin,<br \/>ex-secret\u00e1rio de Estado.<\/p>\r\n\r\n\r\n\r\n<p><br \/>3\u00ba dia: segunda-feira, 28 de abril, \u00e0s 17h, na Bas\u00edlica Vaticana: a Igreja de Roma. A<br \/>concelebra\u00e7\u00e3o ser\u00e1 presidida pelo Cardeal Baldassare Reina, vig\u00e1rio-geral de Sua<br \/>Santidade para a Diocese de Roma.<\/p>\r\n\r\n\r\n\r\n<p>4\u00ba dia: ter\u00e7a-feira, 29 de abril, \u00e0s 17h, na Bas\u00edlica Vaticana: os Cap\u00edtulos das Bas\u00edlicasPapais. A concelebra\u00e7\u00e3o ser\u00e1 presidida pelo Cardeal Mauro Gambetti, arcipreste da Bas\u00edlica Papal de S\u00e3o Pedro.<\/p>\r\n\r\n\r\n\r\n<p>5\u00ba dia: quarta-feira, 30 de abril, \u00e0s 17h, na Bas\u00edlica Vaticana: Capela Papal. A<br \/>concelebra\u00e7\u00e3o ser\u00e1 presidida pelo Cardeal Leonardo Sandri, vice-decano do Col\u00e9gio<br \/>Cardinal\u00edcio.<\/p>\r\n\r\n\r\n\r\n<p>6\u00ba dia: quinta-feira, 1\u00ba de maio, \u00e0s 17h, na Bas\u00edlica Vaticana: C\u00faria Romana. A<br \/>concelebra\u00e7\u00e3o ser\u00e1 presidida pelo Cardeal Kevin Joseph Farrell, camerlengo da Santa<br \/>Igreja Romana.<\/p>\r\n\r\n\r\n\r\n<p>7\u00ba dia: sexta-feira, 02 de maio, \u00e0s 17h, na Bas\u00edlica Vaticana: Igrejas Orientais. A<br \/>concelebra\u00e7\u00e3o ser\u00e1 presidida pelo Cardeal Claudio Gugerotti, ex-prefeito do Dicast\u00e9rio para<br \/>as Igrejas Orientais.<\/p>\r\n\r\n\r\n\r\n<p>8\u00ba dia: s\u00e1bado, 03 de maio, \u00e0s 17h, na Bas\u00edlica Vaticana: os membros dos Institutos de Vida<br \/>Consagrada e das Sociedades de Vida Apost\u00f3lica. A concelebra\u00e7\u00e3o ser\u00e1 presidida pelo<br \/>Cardeal \u00c1ngel Fern\u00e1ndez Artime, ex-pr\u00f3-prefeito do Dicast\u00e9rio para os Institutos de Vida<br \/>Consagrada e as Sociedades de Vida Apost\u00f3lica.<\/p>\r\n","protected":false},"excerpt":{"rendered":"Segundo um antigo costume, durante nove dias consecutivos celebram-se celebra\u00e7\u00f5eseucar\u00edsticas especiais em sufr\u00e1gio do Romano Pont\u00edfice falecido, come\u00e7ando pela Missa deEx\u00e9quias.Essas celebra\u00e7\u00f5es s\u00e3o abertas a todos. No entanto, preveem, a cada dia, a participa\u00e7\u00e3o deum grupo diferente, levando em considera\u00e7\u00e3o seus v\u00ednculos com o Romano Pont\u00edfice. Essavariedade de assembleias demonstra, de certa forma, tanto o&#8230; <a class=\"view-article\" href=\"https:\/\/diretodasacristia.com\/home\/programa-das-9-missas-pelo-papa-francisco\/\">Ver artigo<\/a>","protected":false},"author":3,"featured_media":0,"parent":0,"menu_order":0,"comment_status":"closed","ping_status":"closed","template":"","meta":{"jetpack_post_was_ever_published":false,"_joinchat":[],"footnotes":""},"class_list":["post-5147","page","type-page","status-publish","hentry"],"yoast_head":"<!-- This site is optimized with the Yoast SEO plugin v27.4 - https:\/\/yoast.com\/product\/yoast-seo-wordpress\/ -->\n<title>Programa das 9 missas pelo Papa Francisco - Direto da Sacristia<\/title>\n<meta name=\"robots\" content=\"index, follow, max-snippet:-1, max-image-preview:large, max-video-preview:-1\" \/>\n<link rel=\"canonical\" href=\"https:\/\/diretodasacristia.com\/home\/programa-das-9-missas-pelo-papa-francisco\/\" \/>\n<meta property=\"og:locale\" content=\"pt_BR\" \/>\n<meta property=\"og:type\" content=\"article\" \/>\n<meta property=\"og:title\" content=\"Programa das 9 missas pelo Papa Francisco - Direto da Sacristia\" \/>\n<meta property=\"og:description\" content=\"Segundo um antigo costume, durante nove dias consecutivos celebram-se celebra\u00e7\u00f5eseucar\u00edsticas especiais em sufr\u00e1gio do Romano Pont\u00edfice falecido, come\u00e7ando pela Missa deEx\u00e9quias.Essas celebra\u00e7\u00f5es s\u00e3o abertas a todos. No entanto, preveem, a cada dia, a participa\u00e7\u00e3o deum grupo diferente, levando em considera\u00e7\u00e3o seus v\u00ednculos com o Romano Pont\u00edfice. Essavariedade de assembleias demonstra, de certa forma, tanto o... Ver artigo\" \/>\n<meta property=\"og:url\" content=\"https:\/\/diretodasacristia.com\/home\/programa-das-9-missas-pelo-papa-francisco\/\" \/>\n<meta property=\"og:site_name\" content=\"Direto da Sacristia\" \/>\n<meta property=\"article:publisher\" content=\"https:\/\/www.facebook.com\/DiretoSacristia\" \/>\n<meta property=\"article:modified_time\" content=\"2026-01-26T08:25:57+00:00\" \/>\n<meta name=\"twitter:card\" content=\"summary_large_image\" \/>\n<meta name=\"twitter:site\" content=\"@diretosacristia\" \/>\n<meta name=\"twitter:label1\" content=\"Est. tempo de leitura\" \/>\n\t<meta name=\"twitter:data1\" content=\"2 minutos\" \/>\n<script type=\"application\/ld+json\" class=\"yoast-schema-graph\">{\"@context\":\"https:\\\/\\\/schema.org\",\"@graph\":[{\"@type\":\"WebPage\",\"@id\":\"https:\\\/\\\/diretodasacristia.com\\\/home\\\/programa-das-9-missas-pelo-papa-francisco\\\/\",\"url\":\"https:\\\/\\\/diretodasacristia.com\\\/home\\\/programa-das-9-missas-pelo-papa-francisco\\\/\",\"name\":\"Programa das 9 missas pelo Papa Francisco - Direto da Sacristia\",\"isPartOf\":{\"@id\":\"https:\\\/\\\/diretodasacristia.com\\\/home\\\/#website\"},\"datePublished\":\"2025-04-25T19:36:16+00:00\",\"dateModified\":\"2026-01-26T08:25:57+00:00\",\"breadcrumb\":{\"@id\":\"https:\\\/\\\/diretodasacristia.com\\\/home\\\/programa-das-9-missas-pelo-papa-francisco\\\/#breadcrumb\"},\"inLanguage\":\"pt-BR\",\"potentialAction\":[{\"@type\":\"ReadAction\",\"target\":[\"https:\\\/\\\/diretodasacristia.com\\\/home\\\/programa-das-9-missas-pelo-papa-francisco\\\/\"]}]},{\"@type\":\"BreadcrumbList\",\"@id\":\"https:\\\/\\\/diretodasacristia.com\\\/home\\\/programa-das-9-missas-pelo-papa-francisco\\\/#breadcrumb\",\"itemListElement\":[{\"@type\":\"ListItem\",\"position\":1,\"name\":\"In\u00edcio\",\"item\":\"https:\\\/\\\/diretodasacristia.com\\\/home\\\/\"},{\"@type\":\"ListItem\",\"position\":2,\"name\":\"Programa das 9 missas pelo Papa Francisco\"}]},{\"@type\":\"WebSite\",\"@id\":\"https:\\\/\\\/diretodasacristia.com\\\/home\\\/#website\",\"url\":\"https:\\\/\\\/diretodasacristia.com\\\/home\\\/\",\"name\":\"Direto da Sacristia\",\"description\":\"Not\u00edcias e artigos sobre a f\u00e9 cat\u00f3lica\",\"publisher\":{\"@id\":\"https:\\\/\\\/diretodasacristia.com\\\/home\\\/#organization\"},\"potentialAction\":[{\"@type\":\"SearchAction\",\"target\":{\"@type\":\"EntryPoint\",\"urlTemplate\":\"https:\\\/\\\/diretodasacristia.com\\\/home\\\/?s={search_term_string}\"},\"query-input\":{\"@type\":\"PropertyValueSpecification\",\"valueRequired\":true,\"valueName\":\"search_term_string\"}}],\"inLanguage\":\"pt-BR\"},{\"@type\":\"Organization\",\"@id\":\"https:\\\/\\\/diretodasacristia.com\\\/home\\\/#organization\",\"name\":\"Direto da Sacristia\",\"url\":\"https:\\\/\\\/diretodasacristia.com\\\/home\\\/\",\"logo\":{\"@type\":\"ImageObject\",\"inLanguage\":\"pt-BR\",\"@id\":\"https:\\\/\\\/diretodasacristia.com\\\/home\\\/#\\\/schema\\\/logo\\\/image\\\/\",\"url\":\"https:\\\/\\\/i0.wp.com\\\/diretodasacristia.com\\\/home\\\/wp-content\\\/uploads\\\/2012\\\/01\\\/marca-sacristia.png?fit=320%2C306&ssl=1\",\"contentUrl\":\"https:\\\/\\\/i0.wp.com\\\/diretodasacristia.com\\\/home\\\/wp-content\\\/uploads\\\/2012\\\/01\\\/marca-sacristia.png?fit=320%2C306&ssl=1\",\"width\":\"320\",\"height\":\"306\",\"caption\":\"Direto da Sacristia\"},\"image\":{\"@id\":\"https:\\\/\\\/diretodasacristia.com\\\/home\\\/#\\\/schema\\\/logo\\\/image\\\/\"},\"sameAs\":[\"https:\\\/\\\/www.facebook.com\\\/DiretoSacristia\",\"https:\\\/\\\/x.com\\\/diretosacristia\",\"https:\\\/\\\/www.instagram.com\\\/diretodasacristia\\\/\",\"https:\\\/\\\/www.youtube.com\\\/diretodasacristia\"]}]}<\/script>\n<!-- \/ Yoast SEO plugin. -->","yoast_head_json":{"title":"Programa das 9 missas pelo Papa Francisco - Direto da Sacristia","robots":{"index":"index","follow":"follow","max-snippet":"max-snippet:-1","max-image-preview":"max-image-preview:large","max-video-preview":"max-video-preview:-1"},"canonical":"https:\/\/diretodasacristia.com\/home\/programa-das-9-missas-pelo-papa-francisco\/","og_locale":"pt_BR","og_type":"article","og_title":"Programa das 9 missas pelo Papa Francisco - Direto da Sacristia","og_description":"Segundo um antigo costume, durante nove dias consecutivos celebram-se celebra\u00e7\u00f5eseucar\u00edsticas especiais em sufr\u00e1gio do Romano Pont\u00edfice falecido, come\u00e7ando pela Missa deEx\u00e9quias.Essas celebra\u00e7\u00f5es s\u00e3o abertas a todos. No entanto, preveem, a cada dia, a participa\u00e7\u00e3o deum grupo diferente, levando em considera\u00e7\u00e3o seus v\u00ednculos com o Romano Pont\u00edfice. Essavariedade de assembleias demonstra, de certa forma, tanto o... Ver artigo","og_url":"https:\/\/diretodasacristia.com\/home\/programa-das-9-missas-pelo-papa-francisco\/","og_site_name":"Direto da Sacristia","article_publisher":"https:\/\/www.facebook.com\/DiretoSacristia","article_modified_time":"2026-01-26T08:25:57+00:00","twitter_card":"summary_large_image","twitter_site":"@diretosacristia","twitter_misc":{"Est. tempo de leitura":"2 minutos"},"schema":{"@context":"https:\/\/schema.org","@graph":[{"@type":"WebPage","@id":"https:\/\/diretodasacristia.com\/home\/programa-das-9-missas-pelo-papa-francisco\/","url":"https:\/\/diretodasacristia.com\/home\/programa-das-9-missas-pelo-papa-francisco\/","name":"Programa das 9 missas pelo Papa Francisco - Direto da Sacristia","isPartOf":{"@id":"https:\/\/diretodasacristia.com\/home\/#website"},"datePublished":"2025-04-25T19:36:16+00:00","dateModified":"2026-01-26T08:25:57+00:00","breadcrumb":{"@id":"https:\/\/diretodasacristia.com\/home\/programa-das-9-missas-pelo-papa-francisco\/#breadcrumb"},"inLanguage":"pt-BR","potentialAction":[{"@type":"ReadAction","target":["https:\/\/diretodasacristia.com\/home\/programa-das-9-missas-pelo-papa-francisco\/"]}]},{"@type":"BreadcrumbList","@id":"https:\/\/diretodasacristia.com\/home\/programa-das-9-missas-pelo-papa-francisco\/#breadcrumb","itemListElement":[{"@type":"ListItem","position":1,"name":"In\u00edcio","item":"https:\/\/diretodasacristia.com\/home\/"},{"@type":"ListItem","position":2,"name":"Programa das 9 missas pelo Papa Francisco"}]},{"@type":"WebSite","@id":"https:\/\/diretodasacristia.com\/home\/#website","url":"https:\/\/diretodasacristia.com\/home\/","name":"Direto da Sacristia","description":"Not\u00edcias e artigos sobre a f\u00e9 cat\u00f3lica","publisher":{"@id":"https:\/\/diretodasacristia.com\/home\/#organization"},"potentialAction":[{"@type":"SearchAction","target":{"@type":"EntryPoint","urlTemplate":"https:\/\/diretodasacristia.com\/home\/?s={search_term_string}"},"query-input":{"@type":"PropertyValueSpecification","valueRequired":true,"valueName":"search_term_string"}}],"inLanguage":"pt-BR"},{"@type":"Organization","@id":"https:\/\/diretodasacristia.com\/home\/#organization","name":"Direto da Sacristia","url":"https:\/\/diretodasacristia.com\/home\/","logo":{"@type":"ImageObject","inLanguage":"pt-BR","@id":"https:\/\/diretodasacristia.com\/home\/#\/schema\/logo\/image\/","url":"https:\/\/i0.wp.com\/diretodasacristia.com\/home\/wp-content\/uploads\/2012\/01\/marca-sacristia.png?fit=320%2C306&ssl=1","contentUrl":"https:\/\/i0.wp.com\/diretodasacristia.com\/home\/wp-content\/uploads\/2012\/01\/marca-sacristia.png?fit=320%2C306&ssl=1","width":"320","height":"306","caption":"Direto da Sacristia"},"image":{"@id":"https:\/\/diretodasacristia.com\/home\/#\/schema\/logo\/image\/"},"sameAs":["https:\/\/www.facebook.com\/DiretoSacristia","https:\/\/x.com\/diretosacristia","https:\/\/www.instagram.com\/diretodasacristia\/","https:\/\/www.youtube.com\/diretodasacristia"]}]}},"jetpack_sharing_enabled":true,"jetpack_shortlink":"https:\/\/wp.me\/P24aG7-1l1","jetpack-related-posts":[{"id":1247,"url":"https:\/\/diretodasacristia.com\/home\/sobre\/","url_meta":{"origin":5147,"position":0},"title":"Sobre","author":"E. Mar\u00e7al","date":"27 de fevereiro de 2012","format":false,"excerpt":"Em in\u00fameros de seus discursos, o Santo Padre Bento XVI tem pedido que a Igreja apresente o Evangelho e o Magist\u00e9rio em uma nova forma de evangeliza\u00e7\u00e3o, devido ao crescente relativismo religioso e doutrin\u00e1rio que s\u00e3o vis\u00edveis principalmente em pa\u00edses europeus onde outrora o Cristianismo era mais \u00e1vido. Esta vontade\u2026","rel":"","context":"Post similar","block_context":{"text":"Post similar","link":""},"img":{"alt_text":"","src":"https:\/\/i0.wp.com\/diretodasacristia.com\/home\/wp-content\/uploads\/2012\/02\/Paramenta%C3%A7%C3%A3o-cardeais-Bas%C3%ADlica-S%C3%A3o-Pedro-Missa-beatifica%C3%A7%C3%A3o-Jo%C3%A3o-Paulo-II-01-maio-2011.jpg?resize=350%2C200","width":350,"height":200},"classes":[]}],"post_mailing_queue_ids":[],"_links":{"self":[{"href":"https:\/\/diretodasacristia.com\/home\/wp-json\/wp\/v2\/pages\/5147","targetHints":{"allow":["GET"]}}],"collection":[{"href":"https:\/\/diretodasacristia.com\/home\/wp-json\/wp\/v2\/pages"}],"about":[{"href":"https:\/\/diretodasacristia.com\/home\/wp-json\/wp\/v2\/types\/page"}],"author":[{"embeddable":true,"href":"https:\/\/diretodasacristia.com\/home\/wp-json\/wp\/v2\/users\/3"}],"replies":[{"embeddable":true,"href":"https:\/\/diretodasacristia.com\/home\/wp-json\/wp\/v2\/comments?post=5147"}],"version-history":[{"count":1,"href":"https:\/\/diretodasacristia.com\/home\/wp-json\/wp\/v2\/pages\/5147\/revisions"}],"predecessor-version":[{"id":5186,"href":"https:\/\/diretodasacristia.com\/home\/wp-json\/wp\/v2\/pages\/5147\/revisions\/5186"}],"wp:attachment":[{"href":"https:\/\/diretodasacristia.com\/home\/wp-json\/wp\/v2\/media?parent=5147"}],"curies":[{"name":"wp","href":"https:\/\/api.w.org\/{rel}","templated":true}]}}